1
Calculate the remainder when 945 is divided by 456.
33
What is the remainder when 29 is divided by 7?
1
Calculate the remainder when 1238 is divided by 250.
238
What is the remainder when 2138 is divided by 10?
8
Calculate the remainder when 991 is divided by 13.
3
Calculate the remainder when 570 is divided by 569.
1
What is the remainder when 1120 is divided by 34?
32
Calculate the remainder when 479 is divided by 12.
11
Calculate the remainder when 98 is divided by 64.
34
Calculate the remainder when 1477 is divided by 8.
5
What is the remainder when 42800 is divided by 23?
20
Calculate the remainder when 205 is divided by 23.
21
What is the remainder when 220 is divided by 107?
6
Calculate the remainder when 1158 is divided by 28.
10
Calculate the remainder when 780 is divided by 258.
6
What is the remainder when 1099 is divided by 75?
49
What is the remainder when 897 is divided by 6?
3
What is the remainder when 12109 is divided by 173?
172
What is the remainder when 4442 is divided by 9?
5
What is the remainder when 4143 is divided by 56?
55
Calculate the remainder when 488 is divided by 93.
23
Calculate the remainder when 978 is divided by 143.
120
Calculate the remainder when 166 is divided by 21.
19
Calculate the remainder when 743 is divided by 48.
23
What is the remainder when 1850 is divided by 17?
14
What is the remainder when 197 is divided by 124?
73
What is the remainder when 657 is divided by 55?
52
What is the remainder when 1887 is divided by 44?
39
Calculate the remainder when 141 is divided by 44.
9
What is the remainder when 316 is divided by 109?
98
Calculate the remainder when 1890 is divided by 630.
0
Calculate the remainder when 3281 is divided by 25.
6
What is the remainder when 3173 is divided by 52?
1
Calculate the remainder when 20942 is divided by 374.
372
Calculate the remainder when 352 is divided by 70.
2
What is the remainder when 8029 is divided by 30?
19
Calculate the remainder when 122 is divided by 19.
8
What is the remainder when 620 is divided by 199?
23
Calculate the remainder when 413 is divided by 30.
23
Calculate the remainder when 228 is divided by 35.
18
Calculate the remainder when 347 is divided by 177.
170
Calculate the remainder when 79 is divided by 8.
7
Calculate the remainder when 770 is divided by 53.
28
What is the remainder when 192 is divided by 44?
16
Calculate the remainder when 105 is divided by 19.
10
What is the remainder when 930 is divided by 454?
22
Calculate the remainder when 460 is divided by 119.
103
What is the remainder when 1667 is divided by 128?
3
What is the remainder when 83 is divided by 53?
30
What is the remainder when 28468 is divided by 195?
193
What is the remainder when 1712 is divided by 49?
46
Calculate the remainder when 54 is divided by 5.
4
What is the remainder when 4421 is divided by 59?
55
Calculate the remainder when 529 is divided by 28.
25
Calculate the remainder when 16 is divided by 9.
7
What is the remainder when 566 is divided by 37?
11
Calculate the remainder when 2527 is divided by 60.
7
Calculate the remainder when 3879 is divided by 954.
63
Calculate the remainder when 14 is divided by 7.
0
What is the remainder when 793 is divided by 26?
13
What is the remainder when 1131 is divided by 103?
101
Calculate the remainder when 349 is divided by 170.
9
Calculate the remainder when 9131 is divided by 7.
3
What is the remainder when 33 is divided by 33?
0
What is the remainder when 439 is divided by 164?
111
Calculate the remainder when 2262 is divided by 752.
6
What is the remainder when 2942 is divided by 76?
54
What is the remainder when 626 is divided by 102?
14
Calculate the remainder when 193 is divided by 44.
17
Calculate the remainder when 48 is divided by 4.
0
Calculate the remainder when 160 is divided by 51.
7
What is the remainder when 11394 is divided by 87?
84
Calculate the remainder when 65 is divided by 5.
0
What is the remainder when 217 is divided by 49?
21
Calculate the remainder when 5802 is divided by 83.
75
What is the remainder when 41 is divided by 11?
8
What is the remainder when 166 is divided by 28?
26
Calculate the remainder when 52 is divided by 16.
4
What is the remainder when 452 is divided by 24?
20
What is the remainder when 104 is divided by 57?
47
What is the remainder when 75 is divided by 14?
5
What is the remainder when 29 is divided by 5?
4
Calculate the remainder when 360 is divided by 129.
102
Calculate the remainder when 867 is divided by 42.
27
What is the remainder when 664 is divided by 166?
0
What is the remainder when 1965 is divided by 123?
120
Calculate the remainder when 311 is divided by 54.
41
What is the remainder when 375 is divided by 75?
0
What is the remainder when 9494 is divided by 50?
44
What is the remainder when 593 is divided by 205?
183
Calculate the remainder when 39 is divided by 32.
7
Calculate the remainder when 47 is divided by 10.
7
What is the remainder when 95 is divided by 31?
2
Calculate the remainder when 983 is divided by 141.
137
Calculate the remainder when 327 is divided by 47.
45
Calculate the remainder when 135 is divided by 3.
0
Calculate the remainder when 454 is divided by 44.
14
Calculate the remainder when 18 is divided by 6.
0
What is the remainder when 99 is divided by 7?
1
Calculate the remainder when 16272 is divided by 217.
214
Calculate the remainder when 1451 is divided by 52.
47
What is the remainder when 187 is divided by 27?
25
Calculate the remainder when 359 is divided by 90.
89
What is the remainder when 3428 is divided by 1706?
16
What is the remainder when 151 is divided by 6?
1
What is the remainder when 1327 is divided by 18?
13
What is the remainder when 651 is divided by 211?
18
What is the remainder when 266 is divided by 18?
14
Calculate the remainder when 606 is divided by 302.
2
What is the remainder when 639 is divided by 220?
199
What is the remainder when 30 is divided by 21?
9
What is the remainder when 87 is divided by 27?
6
What is the remainder when 2735 is divided by 74?
71
Calculate the remainder when 492 is divided by 159.
15
What is the remainder when 487 is divided by 230?
27
What is the remainder when 494 is divided by 7?
4
Calculate the remainder when 1605 is divided by 41.
6
What is the remainder when 248 is divided by 20?
8
Calculate the remainder when 102 is divided by 42.
18
Calculate the remainder when 281 is divided by 74.
59
Calculate the remainder when 83 is divided by 46.
37
Calculate the remainder when 242 is divided by 53.
30
What is the remainder when 2699 is divided by 54?
53
What is the remainder when 181 is divided by 42?
13
What is the remainder when 1073 is divided by 77?
72
What is the remainder when 162 is divided by 16?
2
What is the remainder when 559 is divided by 35?
34
What is the remainder when 648 is divided by 118?
58
What is the remainder when 407 is divided by 17?
16
What is the remainder when 239 is divided by 12?
11
What is the remainder when 545 is divided by 42?
41
What is the remainder when 770 is divided by 108?
14
What is the remainder when 557 is divided by 8?
5
Calculate the remainder when 1679 is divided by 20.
19
What is the remainder when 1583 is divided by 195?
23
What is the remainder when 2295 is divided by 758?
21
What is the remainder when 351 is divided by 36?
27
What is the remainder when 2604 is divided by 123?
21
What is the remainder when 147 is divided by 53?
41
What is the remainder when 209 is divided by 57?
38
Calculate the remainder when 71 is divided by 40.
31
What is the remainder when 253 is divided by 16?
13
Calculate the remainder when 284 is divided by 37.
25
What is the remainder when 12107 is divided by 173?
170
Calculate the remainder when 526 is divided by 289.
237
Calculate the remainder when 326 is divided by 20.
6
Calculate the remainder when 3004 is divided by 22.
12
What is the remainder when 120 is divided by 99?
21
What is the remainder when 10063 is divided by 74?
73
Calculate the remainder when 42 is divided by 9.
6
Calculate the remainder when 1702 is divided by 13.
12
What is the remainder when 120 is divided by 5?
0
What is the remainder when 449 is divided by 93?
77
Calculate the remainder when 386 is divided by 56.
50
What is the remainder w